{"id":1174,"date":"2022-12-14T14:48:42","date_gmt":"2022-12-14T19:48:42","guid":{"rendered":"https:\/\/cideim.soypartner.com\/?page_id=1174"},"modified":"2025-10-09T16:59:26","modified_gmt":"2025-10-09T21:59:26","slug":"social-en-salud","status":"publish","type":"page","link":"https:\/\/cideim.org.co\/cideim\/unidades-de-investigacion\/social-en-salud\/","title":{"rendered":"Ciencias Sociales en Salud"},"content":{"rendered":"\t\t<div data-elementor-type=\"wp-page\" data-elementor-id=\"1174\" class=\"elementor elementor-1174\">\n\t\t\t\t\t\t\t\t\t<section class=\"elementor-section elementor-top-section elementor-element elementor-element-1e64d4b7 elementor-section-boxed elementor-section-height-default elementor-section-height-default\" data-id=\"1e64d4b7\" data-element_type=\"section\" data-settings=\"{&quot;_ob_glider_is_slider&quot;:&quot;no&quot;}\">\n\t\t\t\t\t\t<div class=\"elementor-container elementor-column-gap-default\">\n\t\t\t\t\t<div class=\"elementor-column elementor-col-100 elementor-top-column elementor-element elementor-element-72e492eb\" data-id=\"72e492eb\" data-element_type=\"column\" data-settings=\"{&quot;_ob_column_hoveranimator&quot;:&quot;no&quot;,&quot;_ob_column_has_pseudo&quot;:&quot;no&quot;}\">\n\t\t\t<div class=\"elementor-widget-wrap elementor-element-populated\">\n\t\t\t\t\t\t\t\t<div class=\"elementor-element elementor-element-3363a82d ob-harakiri-inherit ob-has-background-overlay elementor-widget elementor-widget-text-editor\" data-id=\"3363a82d\" data-element_type=\"widget\" data-settings=\"{&quot;_ob_use_harakiri&quot;:&quot;yes&quot;,&quot;_ob_harakiri_writing_mode&quot;:&quot;inherit&quot;,&quot;_ob_postman_use&quot;:&quot;no&quot;,&quot;_ob_widget_stalker_use&quot;:&quot;no&quot;,&quot;_ob_poopart_use&quot;:&quot;yes&quot;,&quot;_ob_shadough_use&quot;:&quot;no&quot;,&quot;_ob_allow_hoveranimator&quot;:&quot;no&quot;}\" data-widget_type=\"text-editor.default\">\n\t\t\t\t<div class=\"elementor-widget-container\">\n\t\t\t<style>\/*! elementor - v3.13.3 - 28-05-2023 *\/\n.elementor-widget-text-editor.elementor-drop-cap-view-stacked .elementor-drop-cap{background-color:#69727d;color:#fff}.elementor-widget-text-editor.elementor-drop-cap-view-framed .elementor-drop-cap{color:#69727d;border:3px solid;background-color:transparent}.elementor-widget-text-editor:not(.elementor-drop-cap-view-default) .elementor-drop-cap{margin-top:8px}.elementor-widget-text-editor:not(.elementor-drop-cap-view-default) .elementor-drop-cap-letter{width:1em;height:1em}.elementor-widget-text-editor .elementor-drop-cap{float:left;text-align:center;line-height:1;font-size:50px}.elementor-widget-text-editor .elementor-drop-cap-letter{display:inline-block}<\/style>\t\t\t\t<h2><b>Prop\u00f3sito\u00a0<\/b><\/h2><p style=\"text-align: justify;\"><span style=\"font-weight: 400; color: #333333;\">Generar conocimiento en salud desde la perspectiva de las ciencias sociales con el fin de fortalecer la capacidad de la investigaci\u00f3n institucional, a trav\u00e9s de una comprensi\u00f3n multidisciplinar\u00a0 y hol\u00edstica de la salud.\u00a0<\/span><\/p><h2><b><br \/>L\u00edneas de investigaci\u00f3n:<\/b><\/h2>\t\t\t\t\t\t<\/div>\n\t\t\t\t<\/div>\n\t\t\t\t<div class=\"elementor-element elementor-element-d7dfaf1 ob-has-background-overlay elementor-widget elementor-widget-eael-adv-accordion\" data-id=\"d7dfaf1\" data-element_type=\"widget\" data-settings=\"{&quot;_ob_widget_stalker_use&quot;:&quot;no&quot;,&quot;_ob_poopart_use&quot;:&quot;yes&quot;,&quot;_ob_shadough_use&quot;:&quot;no&quot;,&quot;_ob_allow_hoveranimator&quot;:&quot;no&quot;}\" data-widget_type=\"eael-adv-accordion.default\">\n\t\t\t\t<div class=\"elementor-widget-container\">\n\t\t\t        <div class=\"eael-adv-accordion\" id=\"eael-adv-accordion-d7dfaf1\" data-accordion-id=\"d7dfaf1\" data-accordion-type=\"accordion\" data-toogle-speed=\"300\">\n    <div class=\"eael-accordion-list\">\n                <div id=\"investigacin-basada-en-comunidad-interdisciplinar-\" class=\"elementor-tab-title eael-accordion-header\" tabindex=\"2261\" data-tab=\"1\" aria-controls=\"elementor-tab-content-2261\"><span class=\"eael-advanced-accordion-icon-closed\"><i aria-hidden=\"true\" class=\"fa-accordion-icon fas fa-plus\"><\/i><\/span><span class=\"eael-advanced-accordion-icon-opened\"><i aria-hidden=\"true\" class=\"fa-accordion-icon fas fa-minus\"><\/i><\/span><span class=\"eael-accordion-tab-title\">Investigaci\u00f3n basada en comunidad (interdisciplinar) <\/span><i aria-hidden=\"true\" class=\"fa-toggle fas fa-angle-right\"><\/i><\/div><div id=\"elementor-tab-content-2261\" class=\"eael-accordion-content clearfix\" data-tab=\"1\" aria-labelledby=\"investigacin-basada-en-comunidad-interdisciplinar-\"><p><p style=\"text-align: justify;\"><span style=\"color: #333333;\">Fortalecemos los procesos de Apropiaci\u00f3n Social del Conocimiento a partir de la perspectiva de Investigaci\u00f3n de la implementaci\u00f3n e Investigaci\u00f3n Acci\u00f3n Participativa, para contribuir al mejoramiento de la salud de comunidades vulnerables.<br \/><br \/><\/span><\/p><p><b>Proyectos:<br \/><\/b><\/p><ul><li style=\"text-align: justify;\"><span style=\"color: #333333;\">Modelo de vigilancia comunitaria (TMRC-1)<\/span><\/li><li style=\"text-align: justify;\"><p><span style=\"color: #333333;\">Adecuaci\u00f3n cultural de las intervenciones en salud para la prevenci\u00f3n y control de enfermedades infecciosas (leishmaniasis, malaria, tuberculosis) para la poblaci\u00f3n rural dispersa (ind\u00edgena, afro y mestiza) del municipio de Pueblo Rico, Risaralda.<\/span><\/p><\/li><li><p style=\"text-align: justify;\"><span style=\"color: #333333;\">Intersecci\u00f3n del g\u00e9nero con otros determinantes sociales en la prevenci\u00f3n y control de enfermedades infecciosas en comunidades ind\u00edgenas y afro en Pueblo Rico, Colombia.<\/span><\/p><\/li><\/ul><\/p><\/div>\n                <\/div><div class=\"eael-accordion-list\">\n                <div id=\"apoyo-a-la-investigacin-institucional\" class=\"elementor-tab-title eael-accordion-header\" tabindex=\"2262\" data-tab=\"2\" aria-controls=\"elementor-tab-content-2262\"><span class=\"eael-advanced-accordion-icon-closed\"><i aria-hidden=\"true\" class=\"fa-accordion-icon fas fa-plus\"><\/i><\/span><span class=\"eael-advanced-accordion-icon-opened\"><i aria-hidden=\"true\" class=\"fa-accordion-icon fas fa-minus\"><\/i><\/span><span class=\"eael-accordion-tab-title\">Apoyo a la investigaci\u00f3n institucional<\/span><i aria-hidden=\"true\" class=\"fa-toggle fas fa-angle-right\"><\/i><\/div><div id=\"elementor-tab-content-2262\" class=\"eael-accordion-content clearfix\" data-tab=\"2\" aria-labelledby=\"apoyo-a-la-investigacin-institucional\"><p><p style=\"text-align: justify;\"><span style=\"color: #333333;\">Desarrollamos investigaci\u00f3n cualitativa transversal en los proyectos institucionales en curso con el fin de fortalecer la investigaci\u00f3n multidisciplinar en CIDEIM.<\/span><\/p><p>\u00a0<\/p><p><b>Proyectos:\u00a0<\/b><\/p><ul><li style=\"text-align: justify;\"><span style=\"color: #333333;\">Gender Equity\u00a0<\/span><\/li><li style=\"text-align: justify;\"><span style=\"color: #333333;\">\u201cFactibilidad y usabilidad de aplicaciones m\u00f3viles para el seguimiento al tratamiento de pacientes con leishmaniasis cut\u00e1nea en Colombia. 2019-2020\u201d, realizado en la comunidad de Pueblo Rico (Risaralda), financiado por Sanofi. <\/span><a href=\"https:\/\/youtu.be\/1uL-NlsF1EI\" target=\"_blank\" rel=\"noopener\">Conozca m\u00e1s aqu\u00ed.<\/a><\/li><li style=\"text-align: justify;\"><span style=\"color: #333333;\">Seroprevalencia<\/span><\/li><li><a href=\"https:\/\/www.yellow4flavi.eu\/\">Yellow4FLAVI<\/a><\/li><\/ul><\/p><\/div>\n                <\/div><div class=\"eael-accordion-list\">\n                <div id=\"innovacin-social-en-salud\" class=\"elementor-tab-title eael-accordion-header\" tabindex=\"2263\" data-tab=\"3\" aria-controls=\"elementor-tab-content-2263\"><span class=\"eael-advanced-accordion-icon-closed\"><i aria-hidden=\"true\" class=\"fa-accordion-icon fas fa-plus\"><\/i><\/span><span class=\"eael-advanced-accordion-icon-opened\"><i aria-hidden=\"true\" class=\"fa-accordion-icon fas fa-minus\"><\/i><\/span><span class=\"eael-accordion-tab-title\">Innovaci\u00f3n social en salud<\/span><i aria-hidden=\"true\" class=\"fa-toggle fas fa-angle-right\"><\/i><\/div><div id=\"elementor-tab-content-2263\" class=\"eael-accordion-content clearfix\" data-tab=\"3\" aria-labelledby=\"innovacin-social-en-salud\"><p><p style=\"text-align: justify;\"><span style=\"color: #333333;\">Desarrollamos investigaci\u00f3n documental y descriptiva para generar nuevo conocimiento en Innovaci\u00f3n Social en Salud, a partir de la documentaci\u00f3n de modelos innovadores que puedan ser replicados.\u00a0<br \/><br \/><\/span><\/p><p><b>Productos:<\/b><\/p><ul><li><span style=\"color: #333333;\">Estudios de caso de SIHI.\u00a0<\/span><a href=\"https:\/\/socialinnovationinhealth.org\/americas\/\" target=\"_blank\" rel=\"noopener\">Conozca m\u00e1s aqu\u00ed.<\/a><\/li><\/ul><\/p><\/div>\n                <\/div><\/div>\t\t<\/div>\n\t\t\t\t<\/div>\n\t\t\t\t<div class=\"elementor-element elementor-element-64228ac ob-has-background-overlay elementor-widget elementor-widget-spacer\" data-id=\"64228ac\" data-element_type=\"widget\" data-settings=\"{&quot;_ob_spacerat_use&quot;:&quot;no&quot;,&quot;_ob_widget_stalker_use&quot;:&quot;no&quot;,&quot;_ob_poopart_use&quot;:&quot;yes&quot;,&quot;_ob_shadough_use&quot;:&quot;no&quot;,&quot;_ob_allow_hoveranimator&quot;:&quot;no&quot;}\" data-widget_type=\"spacer.default\">\n\t\t\t\t<div class=\"elementor-widget-container\">\n\t\t\t<style>\/*! elementor - v3.13.3 - 28-05-2023 *\/\n.elementor-column .elementor-spacer-inner{height:var(--spacer-size)}.e-con{--container-widget-width:100%}.e-con-inner>.elementor-widget-spacer,.e-con>.elementor-widget-spacer{width:var(--container-widget-width,var(--spacer-size));--align-self:var(--container-widget-align-self,initial);--flex-shrink:0}.e-con-inner>.elementor-widget-spacer>.elementor-widget-container,.e-con-inner>.elementor-widget-spacer>.elementor-widget-container>.elementor-spacer,.e-con>.elementor-widget-spacer>.elementor-widget-container,.e-con>.elementor-widget-spacer>.elementor-widget-container>.elementor-spacer{height:100%}.e-con-inner>.elementor-widget-spacer>.elementor-widget-container>.elementor-spacer>.elementor-spacer-inner,.e-con>.elementor-widget-spacer>.elementor-widget-container>.elementor-spacer>.elementor-spacer-inner{height:var(--container-widget-height,var(--spacer-size))}<\/style>\t\t<div class=\"elementor-spacer\">\n\t\t\t<div class=\"elementor-spacer-inner\"><\/div>\n\t\t<\/div>\n\t\t\t\t<\/div>\n\t\t\t\t<\/div>\n\t\t\t\t\t<\/div>\n\t\t<\/div>\n\t\t\t\t\t\t\t<\/div>\n\t\t<\/section>\n\t\t<div class=\"elementor-element elementor-element-8513d78 e-con-boxed e-flex e-con\" data-id=\"8513d78\" data-element_type=\"container\" data-settings=\"{&quot;content_width&quot;:&quot;boxed&quot;,&quot;_ob_use_container_extras&quot;:&quot;no&quot;,&quot;_ob_column_hoveranimator&quot;:&quot;no&quot;,&quot;_ob_glider_is_slider&quot;:&quot;no&quot;,&quot;_ob_column_has_pseudo&quot;:&quot;no&quot;}\">\n\t\t\t\t\t<div class=\"e-con-inner\">\n\t\t\t\t<div class=\"elementor-element elementor-element-dc93358 ob-harakiri-inherit ob-has-background-overlay elementor-widget elementor-widget-heading\" data-id=\"dc93358\" data-element_type=\"widget\" data-settings=\"{&quot;_ob_use_harakiri&quot;:&quot;yes&quot;,&quot;_ob_harakiri_writing_mode&quot;:&quot;inherit&quot;,&quot;_ob_harakiri_text_clip&quot;:&quot;none&quot;,&quot;_ob_widget_stalker_use&quot;:&quot;no&quot;,&quot;_ob_poopart_use&quot;:&quot;yes&quot;,&quot;_ob_shadough_use&quot;:&quot;no&quot;,&quot;_ob_allow_hoveranimator&quot;:&quot;no&quot;}\" data-widget_type=\"heading.default\">\n\t\t\t\t<div class=\"elementor-widget-container\">\n\t\t\t<style>\/*! elementor - v3.13.3 - 28-05-2023 *\/\n.elementor-heading-title{padding:0;margin:0;line-height:1}.elementor-widget-heading .elementor-heading-title[class*=elementor-size-]>a{color:inherit;font-size:inherit;line-height:inherit}.elementor-widget-heading .elementor-heading-title.elementor-size-small{font-size:15px}.elementor-widget-heading .elementor-heading-title.elementor-size-medium{font-size:19px}.elementor-widget-heading .elementor-heading-title.elementor-size-large{font-size:29px}.elementor-widget-heading .elementor-heading-title.elementor-size-xl{font-size:39px}.elementor-widget-heading .elementor-heading-title.elementor-size-xxl{font-size:59px}<\/style><h3 class=\"elementor-heading-title elementor-size-default\">Cont\u00e1ctanos<\/h3>\t\t<\/div>\n\t\t\t\t<\/div>\n\t\t\t\t<div class=\"elementor-element elementor-element-77749e5 eael-infobox-icon-bg-shape-none eael-infobox-icon-hover-bg-shape-none ob-has-background-overlay elementor-widget elementor-widget-eael-info-box\" data-id=\"77749e5\" data-element_type=\"widget\" data-settings=\"{&quot;_ob_widget_stalker_use&quot;:&quot;no&quot;,&quot;_ob_poopart_use&quot;:&quot;yes&quot;,&quot;_ob_shadough_use&quot;:&quot;no&quot;,&quot;_ob_allow_hoveranimator&quot;:&quot;no&quot;}\" data-widget_type=\"eael-info-box.default\">\n\t\t\t\t<div class=\"elementor-widget-container\">\n\t\t\t            <a href=\"https:\/\/cideim.org.co\/cideim\/colaboradores\/martha-milena-bautista-gomez\/\" target=\"_blank\">\n\t            <div class=\"eael-infobox icon-on-left\">\n\t            <div class=\"infobox-icon eael-icon-only\">\n\n            \n                            <div class=\"infobox-icon-wrap\">\n                    <i aria-hidden=\"true\" class=\"fas fa-user-circle\"><\/i>                <\/div>\n            \n            \n        <\/div>\n            <div class=\"infobox-content eael-icon-only\">\n                            <h5 class=\"title\">Milena Bautista<\/h5>\n                                                                        <p><p><span style=\"color: #333333;\">L\u00edder Unidad de Ciencias Sociales en Salud<\/span><br \/><span style=\"color: #333333;\"><a style=\"color: #333333;\" href=\"mmbautista@cideim.org.co\">mmbautista@cideim.org.co<\/a><\/span><\/p><\/p>\n                                                                            <\/div>\n            <\/div>\n\n\t\t            <\/a>\n\t\t\t\t<\/div>\n\t\t\t\t<\/div>\n\t\t\t\t\t<\/div>\n\t\t\t\t<\/div>\n\t\t\t\t\t\t\t<\/div>\n\t\t","protected":false},"excerpt":{"rendered":"<p>Prop\u00f3sito\u00a0 Generar conocimiento en salud desde la perspectiva de las ciencias sociales con el fin de fortalecer la capacidad de la investigaci\u00f3n institucional, a trav\u00e9s de una comprensi\u00f3n multidisciplinar\u00a0 y hol\u00edstica de la salud.\u00a0 L\u00edneas de investigaci\u00f3n: Investigaci\u00f3n basada en comunidad (interdisciplinar) Fortalecemos los procesos de Apropiaci\u00f3n Social del Conocimiento a partir de la perspectiva [&hellip;]<\/p>\n","protected":false},"author":1,"featured_media":10743,"parent":1165,"menu_order":0,"comment_status":"closed","ping_status":"closed","template":"","meta":{"footnotes":""},"tipo_de_pagina":[41],"acf":[],"yoast_head":"<!-- This site is optimized with the Yoast SEO plugin v20.9 - https:\/\/yoast.com\/wordpress\/plugins\/seo\/ -->\n<title>Ciencias Sociales en Salud - Centro Internacional de Entrenamiento e Investigaciones M\u00e9dicas<\/title>\n<meta name=\"robots\" content=\"index, follow, max-snippet:-1, max-image-preview:large, max-video-preview:-1\" \/>\n<link rel=\"canonical\" href=\"https:\/\/cideim.org.co\/cideim\/unidades-de-investigacion\/social-en-salud\/\" \/>\n<meta property=\"og:locale\" content=\"es_ES\" \/>\n<meta property=\"og:type\" content=\"article\" \/>\n<meta property=\"og:title\" content=\"Ciencias Sociales en Salud - Centro Internacional de Entrenamiento e Investigaciones M\u00e9dicas\" \/>\n<meta property=\"og:description\" content=\"Prop\u00f3sito\u00a0 Generar conocimiento en salud desde la perspectiva de las ciencias sociales con el fin de fortalecer la capacidad de la investigaci\u00f3n institucional, a trav\u00e9s de una comprensi\u00f3n multidisciplinar\u00a0 y hol\u00edstica de la salud.\u00a0 L\u00edneas de investigaci\u00f3n: Investigaci\u00f3n basada en comunidad (interdisciplinar) Fortalecemos los procesos de Apropiaci\u00f3n Social del Conocimiento a partir de la perspectiva [&hellip;]\" \/>\n<meta property=\"og:url\" content=\"https:\/\/cideim.org.co\/cideim\/unidades-de-investigacion\/social-en-salud\/\" \/>\n<meta property=\"og:site_name\" content=\"Centro Internacional de Entrenamiento e Investigaciones M\u00e9dicas\" \/>\n<meta property=\"article:publisher\" content=\"https:\/\/www.facebook.com\/cideim\" \/>\n<meta property=\"article:modified_time\" content=\"2025-10-09T21:59:26+00:00\" \/>\n<meta property=\"og:image\" content=\"https:\/\/cideim.org.co\/cideim\/wp-content\/uploads\/2025\/09\/UI_social_en_salud_MINIATURA_V2.png\" \/>\n\t<meta property=\"og:image:width\" content=\"500\" \/>\n\t<meta property=\"og:image:height\" content=\"628\" \/>\n\t<meta property=\"og:image:type\" content=\"image\/png\" \/>\n<meta name=\"twitter:card\" content=\"summary_large_image\" \/>\n<meta name=\"twitter:label1\" content=\"Tiempo estimado de lectura\" \/>\n\t<meta name=\"twitter:data1\" content=\"2 minutos\" \/>\n<script type=\"application\/ld+json\" class=\"yoast-schema-graph\">{\"@context\":\"https:\/\/schema.org\",\"@graph\":[{\"@type\":\"WebPage\",\"@id\":\"https:\/\/cideim.org.co\/cideim\/unidades-de-investigacion\/social-en-salud\/\",\"url\":\"https:\/\/cideim.org.co\/cideim\/unidades-de-investigacion\/social-en-salud\/\",\"name\":\"Ciencias Sociales en Salud - Centro Internacional de Entrenamiento e Investigaciones M\u00e9dicas\",\"isPartOf\":{\"@id\":\"https:\/\/cideim.org.co\/cideim\/#website\"},\"datePublished\":\"2022-12-14T19:48:42+00:00\",\"dateModified\":\"2025-10-09T21:59:26+00:00\",\"breadcrumb\":{\"@id\":\"https:\/\/cideim.org.co\/cideim\/unidades-de-investigacion\/social-en-salud\/#breadcrumb\"},\"inLanguage\":\"es-CO\",\"potentialAction\":[{\"@type\":\"ReadAction\",\"target\":[\"https:\/\/cideim.org.co\/cideim\/unidades-de-investigacion\/social-en-salud\/\"]}]},{\"@type\":\"BreadcrumbList\",\"@id\":\"https:\/\/cideim.org.co\/cideim\/unidades-de-investigacion\/social-en-salud\/#breadcrumb\",\"itemListElement\":[{\"@type\":\"ListItem\",\"position\":1,\"name\":\"Inicio\",\"item\":\"https:\/\/cideim.org.co\/cideim\/\"},{\"@type\":\"ListItem\",\"position\":2,\"name\":\"Unidades de investigaci\u00f3n\",\"item\":\"https:\/\/cideim.org.co\/cideim\/unidades-de-investigacion\/\"},{\"@type\":\"ListItem\",\"position\":3,\"name\":\"Ciencias Sociales en Salud\"}]},{\"@type\":\"WebSite\",\"@id\":\"https:\/\/cideim.org.co\/cideim\/#website\",\"url\":\"https:\/\/cideim.org.co\/cideim\/\",\"name\":\"CIDEIM | Centro Internacional de Entrenamiento e Investigaciones M\u00e9dicas\",\"description\":\"CIDEIM\",\"publisher\":{\"@id\":\"https:\/\/cideim.org.co\/cideim\/#organization\"},\"potentialAction\":[{\"@type\":\"SearchAction\",\"target\":{\"@type\":\"EntryPoint\",\"urlTemplate\":\"https:\/\/cideim.org.co\/cideim\/?s={search_term_string}\"},\"query-input\":\"required name=search_term_string\"}],\"inLanguage\":\"es-CO\"},{\"@type\":\"Organization\",\"@id\":\"https:\/\/cideim.org.co\/cideim\/#organization\",\"name\":\"Centro Internacional de Entrenamiento e Investigaciones M\u00e9dicas\",\"url\":\"https:\/\/cideim.org.co\/cideim\/\",\"logo\":{\"@type\":\"ImageObject\",\"inLanguage\":\"es-CO\",\"@id\":\"https:\/\/cideim.org.co\/cideim\/#\/schema\/logo\/image\/\",\"url\":\"https:\/\/cideim.org.co\/cideim\/wp-content\/uploads\/2022\/06\/Logo-cideim-1.svg\",\"contentUrl\":\"https:\/\/cideim.org.co\/cideim\/wp-content\/uploads\/2022\/06\/Logo-cideim-1.svg\",\"width\":193,\"height\":143,\"caption\":\"Centro Internacional de Entrenamiento e Investigaciones M\u00e9dicas\"},\"image\":{\"@id\":\"https:\/\/cideim.org.co\/cideim\/#\/schema\/logo\/image\/\"},\"sameAs\":[\"https:\/\/www.facebook.com\/cideim\",\"https:\/\/www.linkedin.com\/company\/cideim\/\"]}]}<\/script>\n<!-- \/ Yoast SEO plugin. -->","yoast_head_json":{"title":"Ciencias Sociales en Salud - Centro Internacional de Entrenamiento e Investigaciones M\u00e9dicas","robots":{"index":"index","follow":"follow","max-snippet":"max-snippet:-1","max-image-preview":"max-image-preview:large","max-video-preview":"max-video-preview:-1"},"canonical":"https:\/\/cideim.org.co\/cideim\/unidades-de-investigacion\/social-en-salud\/","og_locale":"es_ES","og_type":"article","og_title":"Ciencias Sociales en Salud - Centro Internacional de Entrenamiento e Investigaciones M\u00e9dicas","og_description":"Prop\u00f3sito\u00a0 Generar conocimiento en salud desde la perspectiva de las ciencias sociales con el fin de fortalecer la capacidad de la investigaci\u00f3n institucional, a trav\u00e9s de una comprensi\u00f3n multidisciplinar\u00a0 y hol\u00edstica de la salud.\u00a0 L\u00edneas de investigaci\u00f3n: Investigaci\u00f3n basada en comunidad (interdisciplinar) Fortalecemos los procesos de Apropiaci\u00f3n Social del Conocimiento a partir de la perspectiva [&hellip;]","og_url":"https:\/\/cideim.org.co\/cideim\/unidades-de-investigacion\/social-en-salud\/","og_site_name":"Centro Internacional de Entrenamiento e Investigaciones M\u00e9dicas","article_publisher":"https:\/\/www.facebook.com\/cideim","article_modified_time":"2025-10-09T21:59:26+00:00","og_image":[{"width":500,"height":628,"url":"https:\/\/cideim.org.co\/cideim\/wp-content\/uploads\/2025\/09\/UI_social_en_salud_MINIATURA_V2.png","type":"image\/png"}],"twitter_card":"summary_large_image","twitter_misc":{"Tiempo estimado de lectura":"2 minutos"},"schema":{"@context":"https:\/\/schema.org","@graph":[{"@type":"WebPage","@id":"https:\/\/cideim.org.co\/cideim\/unidades-de-investigacion\/social-en-salud\/","url":"https:\/\/cideim.org.co\/cideim\/unidades-de-investigacion\/social-en-salud\/","name":"Ciencias Sociales en Salud - Centro Internacional de Entrenamiento e Investigaciones M\u00e9dicas","isPartOf":{"@id":"https:\/\/cideim.org.co\/cideim\/#website"},"datePublished":"2022-12-14T19:48:42+00:00","dateModified":"2025-10-09T21:59:26+00:00","breadcrumb":{"@id":"https:\/\/cideim.org.co\/cideim\/unidades-de-investigacion\/social-en-salud\/#breadcrumb"},"inLanguage":"es-CO","potentialAction":[{"@type":"ReadAction","target":["https:\/\/cideim.org.co\/cideim\/unidades-de-investigacion\/social-en-salud\/"]}]},{"@type":"BreadcrumbList","@id":"https:\/\/cideim.org.co\/cideim\/unidades-de-investigacion\/social-en-salud\/#breadcrumb","itemListElement":[{"@type":"ListItem","position":1,"name":"Inicio","item":"https:\/\/cideim.org.co\/cideim\/"},{"@type":"ListItem","position":2,"name":"Unidades de investigaci\u00f3n","item":"https:\/\/cideim.org.co\/cideim\/unidades-de-investigacion\/"},{"@type":"ListItem","position":3,"name":"Ciencias Sociales en Salud"}]},{"@type":"WebSite","@id":"https:\/\/cideim.org.co\/cideim\/#website","url":"https:\/\/cideim.org.co\/cideim\/","name":"CIDEIM | Centro Internacional de Entrenamiento e Investigaciones M\u00e9dicas","description":"CIDEIM","publisher":{"@id":"https:\/\/cideim.org.co\/cideim\/#organization"},"potentialAction":[{"@type":"SearchAction","target":{"@type":"EntryPoint","urlTemplate":"https:\/\/cideim.org.co\/cideim\/?s={search_term_string}"},"query-input":"required name=search_term_string"}],"inLanguage":"es-CO"},{"@type":"Organization","@id":"https:\/\/cideim.org.co\/cideim\/#organization","name":"Centro Internacional de Entrenamiento e Investigaciones M\u00e9dicas","url":"https:\/\/cideim.org.co\/cideim\/","logo":{"@type":"ImageObject","inLanguage":"es-CO","@id":"https:\/\/cideim.org.co\/cideim\/#\/schema\/logo\/image\/","url":"https:\/\/cideim.org.co\/cideim\/wp-content\/uploads\/2022\/06\/Logo-cideim-1.svg","contentUrl":"https:\/\/cideim.org.co\/cideim\/wp-content\/uploads\/2022\/06\/Logo-cideim-1.svg","width":193,"height":143,"caption":"Centro Internacional de Entrenamiento e Investigaciones M\u00e9dicas"},"image":{"@id":"https:\/\/cideim.org.co\/cideim\/#\/schema\/logo\/image\/"},"sameAs":["https:\/\/www.facebook.com\/cideim","https:\/\/www.linkedin.com\/company\/cideim\/"]}]}},"_links":{"self":[{"href":"https:\/\/cideim.org.co\/cideim\/wp-json\/wp\/v2\/pages\/1174"}],"collection":[{"href":"https:\/\/cideim.org.co\/cideim\/wp-json\/wp\/v2\/pages"}],"about":[{"href":"https:\/\/cideim.org.co\/cideim\/wp-json\/wp\/v2\/types\/page"}],"author":[{"embeddable":true,"href":"https:\/\/cideim.org.co\/cideim\/wp-json\/wp\/v2\/users\/1"}],"replies":[{"embeddable":true,"href":"https:\/\/cideim.org.co\/cideim\/wp-json\/wp\/v2\/comments?post=1174"}],"version-history":[{"count":69,"href":"https:\/\/cideim.org.co\/cideim\/wp-json\/wp\/v2\/pages\/1174\/revisions"}],"predecessor-version":[{"id":11162,"href":"https:\/\/cideim.org.co\/cideim\/wp-json\/wp\/v2\/pages\/1174\/revisions\/11162"}],"up":[{"embeddable":true,"href":"https:\/\/cideim.org.co\/cideim\/wp-json\/wp\/v2\/pages\/1165"}],"wp:featuredmedia":[{"embeddable":true,"href":"https:\/\/cideim.org.co\/cideim\/wp-json\/wp\/v2\/media\/10743"}],"wp:attachment":[{"href":"https:\/\/cideim.org.co\/cideim\/wp-json\/wp\/v2\/media?parent=1174"}],"wp:term":[{"taxonomy":"tipo_de_pagina","embeddable":true,"href":"https:\/\/cideim.org.co\/cideim\/wp-json\/wp\/v2\/tipo_de_pagina?post=1174"}],"curies":[{"name":"wp","href":"https:\/\/api.w.org\/{rel}","templated":true}]}}