{"id":1225,"date":"2022-12-15T08:04:41","date_gmt":"2022-12-15T13:04:41","guid":{"rendered":"https:\/\/cideim.soypartner.com\/?page_id=1225"},"modified":"2026-03-25T11:23:00","modified_gmt":"2026-03-25T16:23:00","slug":"contacto","status":"publish","type":"page","link":"https:\/\/cideim.org.co\/cideim\/contacto\/","title":{"rendered":"Contacto"},"content":{"rendered":"<h1>\u00a1Comun\u00edcate con nosotros!<\/h1>\n<p><span style=\"font-weight: 400; color: #333333;\">Solicita informaci\u00f3n. Estamos atentos para ayudarte.<\/span><\/p>\n<ul>\n<li style=\"font-weight: 400;\" aria-level=\"1\"><span style=\"color: #333333;\"><strong>L\u00ednea telef\u00f3nica de contacto: <\/strong><span style=\"font-weight: 400;\">(602) 5552164\u00a0<\/span><\/span><\/li>\n<li style=\"font-weight: 400;\" aria-level=\"1\"><span style=\"color: #333333;\"><strong>Correo electr\u00f3nico: <\/strong><\/span><a href=\"mailto:cideim@cideim.org.co\"><span style=\"font-weight: 400;\">cideim@cideim.org.co\u00a0<\/span><\/a><\/li>\n<li><span style=\"color: #333333;\"><span style=\"font-weight: 400;\"><span style=\"font-weight: 400;\"><strong>Nuestra sede: <\/strong><\/span><\/span>Calle 18 # 122-135 Campus de la Universidad Icesi (Edificio O-CIDEIM)<\/span><br \/>\n<span style=\"color: #333333;\">Cali &#8211; Valle del Cauca<\/span><br \/>\n<span style=\"color: #333333;\">Colombia<\/span><\/li>\n<\/ul>\n<h1>Registra una PQRS<\/h1>\n<p><span style=\"font-weight: 400; color: #333333;\">Escr\u00edbenos tus peticiones quejas reclamos y sugerencias a trav\u00e9s de correo electr\u00f3nico. Tu solicitud ser\u00e1 atendida en el menor tiempo posible.<\/span><\/p>\n<ul>\n<li><strong>Correo electr\u00f3nico PQRS:<\/strong> <a href=\"mailto:pqrs@cideim.org.co\">pqrs@cideim.org.co<\/a><\/li>\n<\/ul>\n<p>&nbsp;<\/p>\n","protected":false},"excerpt":{"rendered":"<p>\u00a1Comun\u00edcate con nosotros! Solicita informaci\u00f3n. Estamos atentos para ayudarte. L\u00ednea telef\u00f3nica de contacto: (602) 5552164\u00a0 Correo electr\u00f3nico: cideim@cideim.org.co\u00a0 Nuestra sede: Calle 18 # 122-135 Campus de la Universidad Icesi (Edificio O-CIDEIM) Cali &#8211; Valle del Cauca Colombia Registra una PQRS Escr\u00edbenos tus peticiones quejas reclamos y sugerencias a trav\u00e9s de correo electr\u00f3nico. Tu solicitud ser\u00e1 [&hellip;]<\/p>\n","protected":false},"author":1,"featured_media":0,"parent":0,"menu_order":0,"comment_status":"closed","ping_status":"closed","template":"","meta":{"footnotes":""},"tipo_de_pagina":[],"acf":[],"yoast_head":"<!-- This site is optimized with the Yoast SEO plugin v20.9 - https:\/\/yoast.com\/wordpress\/plugins\/seo\/ -->\n<title>Contacto - Centro Internacional de Entrenamiento e Investigaciones M\u00e9dicas<\/title>\n<meta name=\"robots\" content=\"index, follow, max-snippet:-1, max-image-preview:large, max-video-preview:-1\" \/>\n<link rel=\"canonical\" href=\"https:\/\/cideim.org.co\/cideim\/contacto\/\" \/>\n<meta property=\"og:locale\" content=\"es_ES\" \/>\n<meta property=\"og:type\" content=\"article\" \/>\n<meta property=\"og:title\" content=\"Contacto - Centro Internacional de Entrenamiento e Investigaciones M\u00e9dicas\" \/>\n<meta property=\"og:description\" content=\"\u00a1Comun\u00edcate con nosotros! Solicita informaci\u00f3n. Estamos atentos para ayudarte. L\u00ednea telef\u00f3nica de contacto: (602) 5552164\u00a0 Correo electr\u00f3nico: cideim@cideim.org.co\u00a0 Nuestra sede: Calle 18 # 122-135 Campus de la Universidad Icesi (Edificio O-CIDEIM) Cali &#8211; Valle del Cauca Colombia Registra una PQRS Escr\u00edbenos tus peticiones quejas reclamos y sugerencias a trav\u00e9s de correo electr\u00f3nico. Tu solicitud ser\u00e1 [&hellip;]\" \/>\n<meta property=\"og:url\" content=\"https:\/\/cideim.org.co\/cideim\/contacto\/\" \/>\n<meta property=\"og:site_name\" content=\"Centro Internacional de Entrenamiento e Investigaciones M\u00e9dicas\" \/>\n<meta property=\"article:publisher\" content=\"https:\/\/www.facebook.com\/cideim\" \/>\n<meta property=\"article:modified_time\" content=\"2026-03-25T16:23:00+00:00\" \/>\n<meta name=\"twitter:card\" content=\"summary_large_image\" \/>\n<meta name=\"twitter:label1\" content=\"Tiempo estimado de lectura\" \/>\n\t<meta name=\"twitter:data1\" content=\"1 minuto\" \/>\n<script type=\"application\/ld+json\" class=\"yoast-schema-graph\">{\"@context\":\"https:\/\/schema.org\",\"@graph\":[{\"@type\":\"WebPage\",\"@id\":\"https:\/\/cideim.org.co\/cideim\/contacto\/\",\"url\":\"https:\/\/cideim.org.co\/cideim\/contacto\/\",\"name\":\"Contacto - Centro Internacional de Entrenamiento e Investigaciones M\u00e9dicas\",\"isPartOf\":{\"@id\":\"https:\/\/cideim.org.co\/cideim\/#website\"},\"datePublished\":\"2022-12-15T13:04:41+00:00\",\"dateModified\":\"2026-03-25T16:23:00+00:00\",\"breadcrumb\":{\"@id\":\"https:\/\/cideim.org.co\/cideim\/contacto\/#breadcrumb\"},\"inLanguage\":\"es-CO\",\"potentialAction\":[{\"@type\":\"ReadAction\",\"target\":[\"https:\/\/cideim.org.co\/cideim\/contacto\/\"]}]},{\"@type\":\"BreadcrumbList\",\"@id\":\"https:\/\/cideim.org.co\/cideim\/contacto\/#breadcrumb\",\"itemListElement\":[{\"@type\":\"ListItem\",\"position\":1,\"name\":\"Inicio\",\"item\":\"https:\/\/cideim.org.co\/cideim\/\"},{\"@type\":\"ListItem\",\"position\":2,\"name\":\"Contacto\"}]},{\"@type\":\"WebSite\",\"@id\":\"https:\/\/cideim.org.co\/cideim\/#website\",\"url\":\"https:\/\/cideim.org.co\/cideim\/\",\"name\":\"CIDEIM | Centro Internacional de Entrenamiento e Investigaciones M\u00e9dicas\",\"description\":\"CIDEIM\",\"publisher\":{\"@id\":\"https:\/\/cideim.org.co\/cideim\/#organization\"},\"potentialAction\":[{\"@type\":\"SearchAction\",\"target\":{\"@type\":\"EntryPoint\",\"urlTemplate\":\"https:\/\/cideim.org.co\/cideim\/?s={search_term_string}\"},\"query-input\":\"required name=search_term_string\"}],\"inLanguage\":\"es-CO\"},{\"@type\":\"Organization\",\"@id\":\"https:\/\/cideim.org.co\/cideim\/#organization\",\"name\":\"Centro Internacional de Entrenamiento e Investigaciones M\u00e9dicas\",\"url\":\"https:\/\/cideim.org.co\/cideim\/\",\"logo\":{\"@type\":\"ImageObject\",\"inLanguage\":\"es-CO\",\"@id\":\"https:\/\/cideim.org.co\/cideim\/#\/schema\/logo\/image\/\",\"url\":\"https:\/\/cideim.org.co\/cideim\/wp-content\/uploads\/2022\/06\/Logo-cideim-1.svg\",\"contentUrl\":\"https:\/\/cideim.org.co\/cideim\/wp-content\/uploads\/2022\/06\/Logo-cideim-1.svg\",\"width\":193,\"height\":143,\"caption\":\"Centro Internacional de Entrenamiento e Investigaciones M\u00e9dicas\"},\"image\":{\"@id\":\"https:\/\/cideim.org.co\/cideim\/#\/schema\/logo\/image\/\"},\"sameAs\":[\"https:\/\/www.facebook.com\/cideim\",\"https:\/\/www.linkedin.com\/company\/cideim\/\"]}]}<\/script>\n<!-- \/ Yoast SEO plugin. -->","yoast_head_json":{"title":"Contacto - Centro Internacional de Entrenamiento e Investigaciones M\u00e9dicas","robots":{"index":"index","follow":"follow","max-snippet":"max-snippet:-1","max-image-preview":"max-image-preview:large","max-video-preview":"max-video-preview:-1"},"canonical":"https:\/\/cideim.org.co\/cideim\/contacto\/","og_locale":"es_ES","og_type":"article","og_title":"Contacto - Centro Internacional de Entrenamiento e Investigaciones M\u00e9dicas","og_description":"\u00a1Comun\u00edcate con nosotros! Solicita informaci\u00f3n. Estamos atentos para ayudarte. L\u00ednea telef\u00f3nica de contacto: (602) 5552164\u00a0 Correo electr\u00f3nico: cideim@cideim.org.co\u00a0 Nuestra sede: Calle 18 # 122-135 Campus de la Universidad Icesi (Edificio O-CIDEIM) Cali &#8211; Valle del Cauca Colombia Registra una PQRS Escr\u00edbenos tus peticiones quejas reclamos y sugerencias a trav\u00e9s de correo electr\u00f3nico. Tu solicitud ser\u00e1 [&hellip;]","og_url":"https:\/\/cideim.org.co\/cideim\/contacto\/","og_site_name":"Centro Internacional de Entrenamiento e Investigaciones M\u00e9dicas","article_publisher":"https:\/\/www.facebook.com\/cideim","article_modified_time":"2026-03-25T16:23:00+00:00","twitter_card":"summary_large_image","twitter_misc":{"Tiempo estimado de lectura":"1 minuto"},"schema":{"@context":"https:\/\/schema.org","@graph":[{"@type":"WebPage","@id":"https:\/\/cideim.org.co\/cideim\/contacto\/","url":"https:\/\/cideim.org.co\/cideim\/contacto\/","name":"Contacto - Centro Internacional de Entrenamiento e Investigaciones M\u00e9dicas","isPartOf":{"@id":"https:\/\/cideim.org.co\/cideim\/#website"},"datePublished":"2022-12-15T13:04:41+00:00","dateModified":"2026-03-25T16:23:00+00:00","breadcrumb":{"@id":"https:\/\/cideim.org.co\/cideim\/contacto\/#breadcrumb"},"inLanguage":"es-CO","potentialAction":[{"@type":"ReadAction","target":["https:\/\/cideim.org.co\/cideim\/contacto\/"]}]},{"@type":"BreadcrumbList","@id":"https:\/\/cideim.org.co\/cideim\/contacto\/#breadcrumb","itemListElement":[{"@type":"ListItem","position":1,"name":"Inicio","item":"https:\/\/cideim.org.co\/cideim\/"},{"@type":"ListItem","position":2,"name":"Contacto"}]},{"@type":"WebSite","@id":"https:\/\/cideim.org.co\/cideim\/#website","url":"https:\/\/cideim.org.co\/cideim\/","name":"CIDEIM | Centro Internacional de Entrenamiento e Investigaciones M\u00e9dicas","description":"CIDEIM","publisher":{"@id":"https:\/\/cideim.org.co\/cideim\/#organization"},"potentialAction":[{"@type":"SearchAction","target":{"@type":"EntryPoint","urlTemplate":"https:\/\/cideim.org.co\/cideim\/?s={search_term_string}"},"query-input":"required name=search_term_string"}],"inLanguage":"es-CO"},{"@type":"Organization","@id":"https:\/\/cideim.org.co\/cideim\/#organization","name":"Centro Internacional de Entrenamiento e Investigaciones M\u00e9dicas","url":"https:\/\/cideim.org.co\/cideim\/","logo":{"@type":"ImageObject","inLanguage":"es-CO","@id":"https:\/\/cideim.org.co\/cideim\/#\/schema\/logo\/image\/","url":"https:\/\/cideim.org.co\/cideim\/wp-content\/uploads\/2022\/06\/Logo-cideim-1.svg","contentUrl":"https:\/\/cideim.org.co\/cideim\/wp-content\/uploads\/2022\/06\/Logo-cideim-1.svg","width":193,"height":143,"caption":"Centro Internacional de Entrenamiento e Investigaciones M\u00e9dicas"},"image":{"@id":"https:\/\/cideim.org.co\/cideim\/#\/schema\/logo\/image\/"},"sameAs":["https:\/\/www.facebook.com\/cideim","https:\/\/www.linkedin.com\/company\/cideim\/"]}]}},"_links":{"self":[{"href":"https:\/\/cideim.org.co\/cideim\/wp-json\/wp\/v2\/pages\/1225"}],"collection":[{"href":"https:\/\/cideim.org.co\/cideim\/wp-json\/wp\/v2\/pages"}],"about":[{"href":"https:\/\/cideim.org.co\/cideim\/wp-json\/wp\/v2\/types\/page"}],"author":[{"embeddable":true,"href":"https:\/\/cideim.org.co\/cideim\/wp-json\/wp\/v2\/users\/1"}],"replies":[{"embeddable":true,"href":"https:\/\/cideim.org.co\/cideim\/wp-json\/wp\/v2\/comments?post=1225"}],"version-history":[{"count":10,"href":"https:\/\/cideim.org.co\/cideim\/wp-json\/wp\/v2\/pages\/1225\/revisions"}],"predecessor-version":[{"id":11736,"href":"https:\/\/cideim.org.co\/cideim\/wp-json\/wp\/v2\/pages\/1225\/revisions\/11736"}],"wp:attachment":[{"href":"https:\/\/cideim.org.co\/cideim\/wp-json\/wp\/v2\/media?parent=1225"}],"wp:term":[{"taxonomy":"tipo_de_pagina","embeddable":true,"href":"https:\/\/cideim.org.co\/cideim\/wp-json\/wp\/v2\/tipo_de_pagina?post=1225"}],"curies":[{"name":"wp","href":"https:\/\/api.w.org\/{rel}","templated":true}]}}