{"id":7025,"date":"2024-05-28T15:20:11","date_gmt":"2024-05-28T20:20:11","guid":{"rendered":"https:\/\/cideim.org.co\/cideim_new\/?page_id=7025"},"modified":"2025-09-08T21:39:05","modified_gmt":"2025-09-09T02:39:05","slug":"desarrollo-carrera-investigador","status":"publish","type":"page","link":"https:\/\/cideim.org.co\/cideim\/formacion-cursos\/desarrollo-carrera-investigador\/","title":{"rendered":"Desarrollo de carrera"},"content":{"rendered":"\t\t<div data-elementor-type=\"wp-page\" data-elementor-id=\"7025\" class=\"elementor elementor-7025\">\n\t\t\t\t\t\t\t<div class=\"elementor-element elementor-element-b980a5c e-con-boxed e-flex e-con\" data-id=\"b980a5c\" data-element_type=\"container\" data-settings=\"{&quot;content_width&quot;:&quot;boxed&quot;,&quot;_ob_use_container_extras&quot;:&quot;no&quot;,&quot;_ob_column_hoveranimator&quot;:&quot;no&quot;,&quot;_ob_glider_is_slider&quot;:&quot;no&quot;,&quot;_ob_column_has_pseudo&quot;:&quot;no&quot;}\">\n\t\t\t\t\t<div class=\"e-con-inner\">\n\t\t\t\t<div class=\"elementor-element elementor-element-e238646 ob-harakiri-inherit ob-has-background-overlay elementor-widget elementor-widget-text-editor\" data-id=\"e238646\" data-element_type=\"widget\" data-settings=\"{&quot;_ob_use_harakiri&quot;:&quot;yes&quot;,&quot;_ob_harakiri_writing_mode&quot;:&quot;inherit&quot;,&quot;_ob_postman_use&quot;:&quot;no&quot;,&quot;_ob_widget_stalker_use&quot;:&quot;no&quot;,&quot;_ob_poopart_use&quot;:&quot;yes&quot;,&quot;_ob_shadough_use&quot;:&quot;no&quot;,&quot;_ob_allow_hoveranimator&quot;:&quot;no&quot;}\" data-widget_type=\"text-editor.default\">\n\t\t\t\t<div class=\"elementor-widget-container\">\n\t\t\t<style>\/*! elementor - v3.13.3 - 28-05-2023 *\/\n.elementor-widget-text-editor.elementor-drop-cap-view-stacked .elementor-drop-cap{background-color:#69727d;color:#fff}.elementor-widget-text-editor.elementor-drop-cap-view-framed .elementor-drop-cap{color:#69727d;border:3px solid;background-color:transparent}.elementor-widget-text-editor:not(.elementor-drop-cap-view-default) .elementor-drop-cap{margin-top:8px}.elementor-widget-text-editor:not(.elementor-drop-cap-view-default) .elementor-drop-cap-letter{width:1em;height:1em}.elementor-widget-text-editor .elementor-drop-cap{float:left;text-align:center;line-height:1;font-size:50px}.elementor-widget-text-editor .elementor-drop-cap-letter{display:inline-block}<\/style>\t\t\t\t<h3 style=\"text-align: center;\">CIDEIM ofrece oportunidades dirigidas a j\u00f3venes profesionales con inter\u00e9s en forjar una carrera como investigadores:<\/h3>\t\t\t\t\t\t<\/div>\n\t\t\t\t<\/div>\n\t\t<div class=\"elementor-element elementor-element-faaf83b e-con-full e-flex e-con\" data-id=\"faaf83b\" data-element_type=\"container\" data-settings=\"{&quot;content_width&quot;:&quot;full&quot;,&quot;_ob_use_container_extras&quot;:&quot;no&quot;,&quot;_ob_column_hoveranimator&quot;:&quot;no&quot;,&quot;_ob_glider_is_slider&quot;:&quot;no&quot;,&quot;_ob_column_has_pseudo&quot;:&quot;no&quot;}\">\n\t\t\t\t<div class=\"elementor-element elementor-element-60e5c1c ob-has-background-overlay elementor-widget elementor-widget-premium-addon-banner\" data-id=\"60e5c1c\" data-element_type=\"widget\" data-settings=\"{&quot;_ob_widget_stalker_use&quot;:&quot;no&quot;,&quot;_ob_poopart_use&quot;:&quot;yes&quot;,&quot;_ob_shadough_use&quot;:&quot;no&quot;,&quot;_ob_allow_hoveranimator&quot;:&quot;no&quot;}\" data-widget_type=\"premium-addon-banner.default\">\n\t\t\t\t<div class=\"elementor-widget-container\">\n\t\t\t\t\t<div class=\"premium-banner-ib premium-banner-min-height premium-banner-animation1 none\">\n\t\t\t\t\t\t\t\t\t\t\t\t\t\t\t<div class=\"premium-banner-img-wrap\">\n\t\t\t\t\t\t\t\t\t<img decoding=\"async\" loading=\"lazy\" width=\"900\" height=\"400\" src=\"https:\/\/cideim.org.co\/cideim\/wp-content\/uploads\/2024\/04\/ESTUD_JOV_INVEST2.png\" class=\"attachment-full size-full wp-image-6273 not-transparent\" alt=\"\" data-has-transparency=\"false\" data-dominant-color=\"143977\" style=\"--dominant-color: #143977\" srcset=\"https:\/\/cideim.org.co\/cideim\/wp-content\/uploads\/2024\/04\/ESTUD_JOV_INVEST2.png 900w, https:\/\/cideim.org.co\/cideim\/wp-content\/uploads\/2024\/04\/ESTUD_JOV_INVEST2-300x133.png 300w, https:\/\/cideim.org.co\/cideim\/wp-content\/uploads\/2024\/04\/ESTUD_JOV_INVEST2-768x341.png 768w\" sizes=\"(max-width: 900px) 100vw, 900px\" \/>\t\t\t\t\t\t\t\t\t<\/div>\n\t\t\t\t\t\t\t\t\t\t\t<div class=\"premium-banner-ib-desc\">\n\t\t\t\t\t\t\t\t\t<h3 class=\"premium-banner-ib-title premium_banner_title\"><\/h3>\t\t\t\t\t\t\t\t\t\t\t\t<\/div>\n\t\t\t\t\t<\/div>\n\t\t\t\t\t\t<\/div>\n\t\t\t\t<\/div>\n\t\t\t\t<\/div>\n\t\t\t\t<div class=\"elementor-element elementor-element-35b9558 ob-has-background-overlay elementor-widget elementor-widget-eael-adv-tabs\" data-id=\"35b9558\" data-element_type=\"widget\" data-settings=\"{&quot;_ob_widget_stalker_use&quot;:&quot;no&quot;,&quot;_ob_poopart_use&quot;:&quot;yes&quot;,&quot;_ob_shadough_use&quot;:&quot;no&quot;,&quot;_ob_allow_hoveranimator&quot;:&quot;no&quot;}\" data-widget_type=\"eael-adv-tabs.default\">\n\t\t\t\t<div class=\"elementor-widget-container\">\n\t\t\t        <div id=\"eael-advance-tabs-35b9558\" class=\"eael-advance-tabs eael-tabs-vertical eael-tab-auto-active \" data-tabid=\"35b9558\">\n            <div class=\"eael-tabs-nav\">\n                <ul class=\"eael-tab-inline-icon\">\n                                            <li id=\"estudiantes-y-jvenes-investigadores\" class=\"inactive eael-tab-item-trigger\" aria-selected=\"true\" data-tab=\"1\" role=\"tab\" tabindex=\"0\" aria-controls=\"estudiantes-y-jvenes-investigadores-tab\" aria-expanded=\"false\">\n                            \n                                                                <i class=\"fas fa-graduation-cap\"><\/i>                                                            \n                                                            <span class=\"eael-tab-title  title-after-icon\">Estudiantes y J\u00f3venes Investigadores<\/span>                            \n                                                    <\/li>\n                                            <li id=\"servicio-social-obligatorio\" class=\"inactive eael-tab-item-trigger\" aria-selected=\"false\" data-tab=\"2\" role=\"tab\" tabindex=\"-1\" aria-controls=\"servicio-social-obligatorio-tab\" aria-expanded=\"false\">\n                            \n                                                                <i class=\"fas fa-hand-holding-medical\"><\/i>                                                            \n                                                            <span class=\"eael-tab-title  title-after-icon\">Servicio Social Obligatorio<\/span>                            \n                                                    <\/li>\n                                            <li id=\"fellow-en-investigacin-clnica\" class=\"inactive eael-tab-item-trigger\" aria-selected=\"false\" data-tab=\"3\" role=\"tab\" tabindex=\"-1\" aria-controls=\"fellow-en-investigacin-clnica-tab\" aria-expanded=\"false\">\n                            \n                                                                <i class=\"fas fa-stethoscope\"><\/i>                                                            \n                                                            <span class=\"eael-tab-title  title-after-icon\">Fellow en Investigaci\u00f3n Cl\u00ednica<\/span>                            \n                                                    <\/li>\n                                    <\/ul>\n            <\/div>\n            \n            <div class=\"eael-tabs-content\">\n\t\t        \n                    <div id=\"estudiantes-y-jvenes-investigadores-tab\" class=\"clearfix eael-tab-content-item inactive\" data-title-link=\"estudiantes-y-jvenes-investigadores-tab\">\n\t\t\t\t        \t\t\t\t\t        <p style=\"text-align: justify;\"><span style=\"color: #333333;\">En CIDEIM, la formaci\u00f3n de investigadores es inherente a la actividad cient\u00edfica y tecnol\u00f3gica.\u00a0 Las investigaciones son instrumentos para el entrenamiento de nuevos investigadores, quienes realizan sus trabajos de formaci\u00f3n en el marco de las l\u00edneas y las enfermedades en estudio.\u00a0 Es de destacar que las cooperaciones internacionales en los proyectos que se desarrollan permiten que los estudiantes se enriquezcan por la exposici\u00f3n a diversas escuelas de pensamiento.<\/span><\/p><p style=\"text-align: justify;\"><span style=\"color: #333333;\">A CIDEIM concurren estudiantes de pregrado en calidad de practicantes, y estudiantes de doctorado y de maestr\u00eda de universidades nacionales e internacionales para realizar sus investigaciones de tesis o pasant\u00edas.<\/span><\/p><p style=\"text-align: justify;\"><span style=\"color: #333333;\">Adicionalmente, hemos vinculado <em>J\u00f3venes Investigadores<\/em> apoyados por Minciencias, con el objetivo de formar profesionales reci\u00e9n graduados o con una corta trayectoria laboral, interesados en desarrollar una carrera en la investigaci\u00f3n cient\u00edfica, proporcionando el ambiente y las herramientas necesarias que les permitan incursionar en el campo de la investigaci\u00f3n biom\u00e9dica, a trav\u00e9s de su participaci\u00f3n en proyectos de las diferentes \u00e1reas tem\u00e1ticas.<\/span><\/p><p style=\"text-align: justify;\"><span style=\"color: #333333;\">Los <em>J\u00f3venes Investigadores<\/em> no solo interact\u00faan con sus tutores sino tambi\u00e9n con otros cient\u00edficos de CIDEIM y sus colaboradores. De este modo, esta experiencia les ayudar\u00e1 a definir su orientaci\u00f3n profesional y los posiciona ventajosamente para iniciar estudios de posgrado.<\/span><\/p>\t\t\t\t                            <\/div>\n\t\t        \n                    <div id=\"servicio-social-obligatorio-tab\" class=\"clearfix eael-tab-content-item inactive\" data-title-link=\"servicio-social-obligatorio-tab\">\n\t\t\t\t        \t\t\t\t\t        <p style=\"text-align: justify;\"><span style=\"color: #333333;\">En CIDEIM tambi\u00e9n hemos ofrecido oportunidades de desarrollo profesional a m\u00e9dicos y bacteri\u00f3logos en Servicio Social Obligatorio (SSO), quienes se han integrado a los distintos proyectos de investigaci\u00f3n adquiriendo conocimientos, habilidades y experiencia.<\/span><\/p><p style=\"text-align: justify;\"><span style=\"color: #333333;\">Estas oportunidades de desarrollo para profesionales tienen como prop\u00f3sito brindar una aproximaci\u00f3n al dise\u00f1o, conducci\u00f3n, an\u00e1lisis y reporte de resultados de proyectos de investigaci\u00f3n; adem\u00e1s de ofrecer capacitaci\u00f3n y formaci\u00f3n relacionada a la \u00e9tica en la investigaci\u00f3n, la protecci\u00f3n de humanos en procesos investigativos, las Buenas Pr\u00e1cticas Cl\u00ednicas, entre otras.\u00a0<\/span><\/p><p style=\"text-align: justify;\"><span style=\"color: #333333;\">De igual manera, CIDEIM ha brindado a los profesionales\u00a0 en SSO, entrenamiento para realizar de manera \u00f3ptima procedimientos diagn\u00f3sticos especializados que se llevan a cabo rutinariamente en las diferentes \u00e1reas tem\u00e1ticas, con \u00e9nfasis en la fundamentaci\u00f3n te\u00f3rica de los procedimientos, las Buenas Pr\u00e1cticas de Laboratorio y las normas de bioseguridad.<\/span><\/p>\t\t\t\t                            <\/div>\n\t\t        \n                    <div id=\"fellow-en-investigacin-clnica-tab\" class=\"clearfix eael-tab-content-item inactive\" data-title-link=\"fellow-en-investigacin-clnica-tab\">\n\t\t\t\t        \t\t\t\t\t        <p style=\"text-align: justify;\"><span style=\"color: #333333;\">El programa <em>Fellow en Investigaci\u00f3n Cl\u00ednica<\/em> tiene una duraci\u00f3n de dos a\u00f1os y ofrece la oportunidad a m\u00e9dicos reci\u00e9n graduados de iniciar su formaci\u00f3n en investigaci\u00f3n en salud y fortalecer sus capacidades anal\u00edticas y epidemiol\u00f3gicas, en preparaci\u00f3n para una carrera en medicina acad\u00e9mica o de investigaci\u00f3n cl\u00ednica.<\/span><\/p><p style=\"text-align: justify;\"><span style=\"color: #333333;\">Dentro del programa de formaci\u00f3n, el m\u00e9dico podr\u00e1 conocer y fortalecer diferentes \u00e1reas de la investigaci\u00f3n, incluyendo oportunidades internacionales de cursos, pasant\u00edas. Tambi\u00e9n recibir\u00e1 mentor\u00eda para el desarrollo de su carrera y acompa\u00f1amiento permanente por un equipo multidisciplinario de investigadores y tendr\u00e1 la oportunidad de formular y ejecutar un proyecto de investigaci\u00f3n durante los dos a\u00f1os de formaci\u00f3n del programa. Los <em>Fellow<\/em> de CIDEIM se destacan por su \u00e9xito en realizar especializaci\u00f3n cl\u00ednica y formaci\u00f3n posgrado.<\/span><\/p>\t\t\t\t                            <\/div>\n\t\t                    <\/div>\n        <\/div>\n\t\t<\/div>\n\t\t\t\t<\/div>\n\t\t\t\t<div class=\"elementor-element elementor-element-41096fe xpro-content-alignleft ob-has-background-overlay elementor-widget elementor-widget-xpro-icon-box\" data-id=\"41096fe\" data-element_type=\"widget\" data-settings=\"{&quot;icon_hover_animation&quot;:&quot;pulse&quot;,&quot;_ob_widget_stalker_use&quot;:&quot;no&quot;,&quot;_ob_poopart_use&quot;:&quot;yes&quot;,&quot;_ob_shadough_use&quot;:&quot;no&quot;,&quot;_ob_allow_hoveranimator&quot;:&quot;no&quot;}\" data-widget_type=\"xpro-icon-box.default\">\n\t\t\t\t<div class=\"elementor-widget-container\">\n\t\t\t\r\n<a  target=\"_blank\" class=\"xpro-box-icon-wrapper\">\r\n<div class=\"xpro-box-icon-wrapper-inner\">\r\n\t\r\n\t\t\t<span class=\"xpro-box-icon-item\">\r\n\t\t\t\t<i aria-hidden=\"true\" class=\"fas fa-envelope\"><\/i>\t\t\t<\/span>\r\n\t\r\n\t<span class=\"xpro-box-icon-content\">\r\n\t<h3 class=\"xpro-box-icon-title\">M\u00e1s informaci\u00f3n:<\/h3>\r\n\t\t\t\t\t<p class=\"xpro-box-icon-description\">Por favor escr\u00edbanos a formacion@cideim.org.co<\/p>\r\n\t\t\t\t\t<\/span>\r\n\r\n<\/div>\r\n<\/a>\r\n\t\t<\/div>\n\t\t\t\t<\/div>\n\t\t\t\t<div class=\"elementor-element elementor-element-bc5aeac xpro-content-alignright ob-has-background-overlay elementor-widget elementor-widget-xpro-icon-box\" data-id=\"bc5aeac\" data-element_type=\"widget\" data-settings=\"{&quot;icon_hover_animation&quot;:&quot;bounceIn&quot;,&quot;_ob_widget_stalker_use&quot;:&quot;no&quot;,&quot;_ob_poopart_use&quot;:&quot;yes&quot;,&quot;_ob_shadough_use&quot;:&quot;no&quot;,&quot;_ob_allow_hoveranimator&quot;:&quot;no&quot;}\" data-widget_type=\"xpro-icon-box.default\">\n\t\t\t\t<div class=\"elementor-widget-container\">\n\t\t\t\r\n<a  href=\"https:\/\/cideim.org.co\/cideim\/formacion-cursos\/\" class=\"xpro-box-icon-wrapper\">\r\n<div class=\"xpro-box-icon-wrapper-inner\">\r\n\t\r\n\t\t\t<span class=\"xpro-box-icon-item\">\r\n\t\t\t\t<i aria-hidden=\"true\" class=\"iconoflecha- icono-flecha-arrow-left2\"><\/i>\t\t\t<\/span>\r\n\t\r\n\t<span class=\"xpro-box-icon-content\">\r\n\t<h6 class=\"xpro-box-icon-title\">Volver a Formaci\u00f3n<\/h6>\r\n\t\t\t\t\t<\/span>\r\n\r\n<\/div>\r\n<\/a>\r\n\t\t<\/div>\n\t\t\t\t<\/div>\n\t\t<div class=\"elementor-element elementor-element-af36601 e-con-boxed e-flex e-con\" data-id=\"af36601\" data-element_type=\"container\" data-settings=\"{&quot;content_width&quot;:&quot;boxed&quot;,&quot;_ob_column_hoveranimator&quot;:&quot;no&quot;,&quot;_ob_glider_is_slider&quot;:&quot;no&quot;,&quot;_ob_column_has_pseudo&quot;:&quot;no&quot;}\">\n\t\t\t\t\t<div class=\"e-con-inner\">\n\t\t\t\t\t<\/div>\n\t\t\t\t<\/div>\n\t\t\t\t\t<\/div>\n\t\t\t\t<\/div>\n\t\t\t\t\t\t\t<\/div>\n\t\t","protected":false},"excerpt":{"rendered":"<p>CIDEIM ofrece oportunidades dirigidas a j\u00f3venes profesionales con inter\u00e9s en forjar una carrera como investigadores: Estudiantes y J\u00f3venes Investigadores Servicio Social Obligatorio Fellow en Investigaci\u00f3n Cl\u00ednica En CIDEIM, la formaci\u00f3n de investigadores es inherente a la actividad cient\u00edfica y tecnol\u00f3gica.\u00a0 Las investigaciones son instrumentos para el entrenamiento de nuevos investigadores, quienes realizan sus trabajos de [&hellip;]<\/p>\n","protected":false},"author":5,"featured_media":0,"parent":7041,"menu_order":0,"comment_status":"closed","ping_status":"closed","template":"","meta":{"footnotes":""},"tipo_de_pagina":[223],"acf":[],"yoast_head":"<!-- This site is optimized with the Yoast SEO plugin v20.9 - https:\/\/yoast.com\/wordpress\/plugins\/seo\/ -->\n<title>Desarrollo de carrera - Centro Internacional de Entrenamiento e Investigaciones M\u00e9dicas<\/title>\n<meta name=\"robots\" content=\"index, follow, max-snippet:-1, max-image-preview:large, max-video-preview:-1\" \/>\n<link rel=\"canonical\" href=\"https:\/\/cideim.org.co\/cideim\/formacion-cursos\/desarrollo-carrera-investigador\/\" \/>\n<meta property=\"og:locale\" content=\"es_ES\" \/>\n<meta property=\"og:type\" content=\"article\" \/>\n<meta property=\"og:title\" content=\"Desarrollo de carrera - Centro Internacional de Entrenamiento e Investigaciones M\u00e9dicas\" \/>\n<meta property=\"og:description\" content=\"CIDEIM ofrece oportunidades dirigidas a j\u00f3venes profesionales con inter\u00e9s en forjar una carrera como investigadores: Estudiantes y J\u00f3venes Investigadores Servicio Social Obligatorio Fellow en Investigaci\u00f3n Cl\u00ednica En CIDEIM, la formaci\u00f3n de investigadores es inherente a la actividad cient\u00edfica y tecnol\u00f3gica.\u00a0 Las investigaciones son instrumentos para el entrenamiento de nuevos investigadores, quienes realizan sus trabajos de [&hellip;]\" \/>\n<meta property=\"og:url\" content=\"https:\/\/cideim.org.co\/cideim\/formacion-cursos\/desarrollo-carrera-investigador\/\" \/>\n<meta property=\"og:site_name\" content=\"Centro Internacional de Entrenamiento e Investigaciones M\u00e9dicas\" \/>\n<meta property=\"article:publisher\" content=\"https:\/\/www.facebook.com\/cideim\" \/>\n<meta property=\"article:modified_time\" content=\"2025-09-09T02:39:05+00:00\" \/>\n<meta property=\"og:image\" content=\"https:\/\/cideim.org.co\/cideim_new\/wp-content\/uploads\/2024\/04\/ESTUD_JOV_INVEST2.png\" \/>\n<meta name=\"twitter:card\" content=\"summary_large_image\" \/>\n<meta name=\"twitter:label1\" content=\"Tiempo estimado de lectura\" \/>\n\t<meta name=\"twitter:data1\" content=\"3 minutos\" \/>\n<script type=\"application\/ld+json\" class=\"yoast-schema-graph\">{\"@context\":\"https:\/\/schema.org\",\"@graph\":[{\"@type\":\"WebPage\",\"@id\":\"https:\/\/cideim.org.co\/cideim\/formacion-cursos\/desarrollo-carrera-investigador\/\",\"url\":\"https:\/\/cideim.org.co\/cideim\/formacion-cursos\/desarrollo-carrera-investigador\/\",\"name\":\"Desarrollo de carrera - Centro Internacional de Entrenamiento e Investigaciones M\u00e9dicas\",\"isPartOf\":{\"@id\":\"https:\/\/cideim.org.co\/cideim\/#website\"},\"datePublished\":\"2024-05-28T20:20:11+00:00\",\"dateModified\":\"2025-09-09T02:39:05+00:00\",\"breadcrumb\":{\"@id\":\"https:\/\/cideim.org.co\/cideim\/formacion-cursos\/desarrollo-carrera-investigador\/#breadcrumb\"},\"inLanguage\":\"es-CO\",\"potentialAction\":[{\"@type\":\"ReadAction\",\"target\":[\"https:\/\/cideim.org.co\/cideim\/formacion-cursos\/desarrollo-carrera-investigador\/\"]}]},{\"@type\":\"BreadcrumbList\",\"@id\":\"https:\/\/cideim.org.co\/cideim\/formacion-cursos\/desarrollo-carrera-investigador\/#breadcrumb\",\"itemListElement\":[{\"@type\":\"ListItem\",\"position\":1,\"name\":\"Inicio\",\"item\":\"https:\/\/cideim.org.co\/cideim\/\"},{\"@type\":\"ListItem\",\"position\":2,\"name\":\"Formaci\u00f3n\",\"item\":\"https:\/\/cideim.org.co\/cideim\/formacion-cursos\/\"},{\"@type\":\"ListItem\",\"position\":3,\"name\":\"Desarrollo de carrera\"}]},{\"@type\":\"WebSite\",\"@id\":\"https:\/\/cideim.org.co\/cideim\/#website\",\"url\":\"https:\/\/cideim.org.co\/cideim\/\",\"name\":\"CIDEIM | Centro Internacional de Entrenamiento e Investigaciones M\u00e9dicas\",\"description\":\"CIDEIM\",\"publisher\":{\"@id\":\"https:\/\/cideim.org.co\/cideim\/#organization\"},\"potentialAction\":[{\"@type\":\"SearchAction\",\"target\":{\"@type\":\"EntryPoint\",\"urlTemplate\":\"https:\/\/cideim.org.co\/cideim\/?s={search_term_string}\"},\"query-input\":\"required name=search_term_string\"}],\"inLanguage\":\"es-CO\"},{\"@type\":\"Organization\",\"@id\":\"https:\/\/cideim.org.co\/cideim\/#organization\",\"name\":\"Centro Internacional de Entrenamiento e Investigaciones M\u00e9dicas\",\"url\":\"https:\/\/cideim.org.co\/cideim\/\",\"logo\":{\"@type\":\"ImageObject\",\"inLanguage\":\"es-CO\",\"@id\":\"https:\/\/cideim.org.co\/cideim\/#\/schema\/logo\/image\/\",\"url\":\"https:\/\/cideim.org.co\/cideim\/wp-content\/uploads\/2022\/06\/Logo-cideim-1.svg\",\"contentUrl\":\"https:\/\/cideim.org.co\/cideim\/wp-content\/uploads\/2022\/06\/Logo-cideim-1.svg\",\"width\":193,\"height\":143,\"caption\":\"Centro Internacional de Entrenamiento e Investigaciones M\u00e9dicas\"},\"image\":{\"@id\":\"https:\/\/cideim.org.co\/cideim\/#\/schema\/logo\/image\/\"},\"sameAs\":[\"https:\/\/www.facebook.com\/cideim\",\"https:\/\/www.linkedin.com\/company\/cideim\/\"]}]}<\/script>\n<!-- \/ Yoast SEO plugin. -->","yoast_head_json":{"title":"Desarrollo de carrera - Centro Internacional de Entrenamiento e Investigaciones M\u00e9dicas","robots":{"index":"index","follow":"follow","max-snippet":"max-snippet:-1","max-image-preview":"max-image-preview:large","max-video-preview":"max-video-preview:-1"},"canonical":"https:\/\/cideim.org.co\/cideim\/formacion-cursos\/desarrollo-carrera-investigador\/","og_locale":"es_ES","og_type":"article","og_title":"Desarrollo de carrera - Centro Internacional de Entrenamiento e Investigaciones M\u00e9dicas","og_description":"CIDEIM ofrece oportunidades dirigidas a j\u00f3venes profesionales con inter\u00e9s en forjar una carrera como investigadores: Estudiantes y J\u00f3venes Investigadores Servicio Social Obligatorio Fellow en Investigaci\u00f3n Cl\u00ednica En CIDEIM, la formaci\u00f3n de investigadores es inherente a la actividad cient\u00edfica y tecnol\u00f3gica.\u00a0 Las investigaciones son instrumentos para el entrenamiento de nuevos investigadores, quienes realizan sus trabajos de [&hellip;]","og_url":"https:\/\/cideim.org.co\/cideim\/formacion-cursos\/desarrollo-carrera-investigador\/","og_site_name":"Centro Internacional de Entrenamiento e Investigaciones M\u00e9dicas","article_publisher":"https:\/\/www.facebook.com\/cideim","article_modified_time":"2025-09-09T02:39:05+00:00","og_image":[{"url":"https:\/\/cideim.org.co\/cideim_new\/wp-content\/uploads\/2024\/04\/ESTUD_JOV_INVEST2.png"}],"twitter_card":"summary_large_image","twitter_misc":{"Tiempo estimado de lectura":"3 minutos"},"schema":{"@context":"https:\/\/schema.org","@graph":[{"@type":"WebPage","@id":"https:\/\/cideim.org.co\/cideim\/formacion-cursos\/desarrollo-carrera-investigador\/","url":"https:\/\/cideim.org.co\/cideim\/formacion-cursos\/desarrollo-carrera-investigador\/","name":"Desarrollo de carrera - Centro Internacional de Entrenamiento e Investigaciones M\u00e9dicas","isPartOf":{"@id":"https:\/\/cideim.org.co\/cideim\/#website"},"datePublished":"2024-05-28T20:20:11+00:00","dateModified":"2025-09-09T02:39:05+00:00","breadcrumb":{"@id":"https:\/\/cideim.org.co\/cideim\/formacion-cursos\/desarrollo-carrera-investigador\/#breadcrumb"},"inLanguage":"es-CO","potentialAction":[{"@type":"ReadAction","target":["https:\/\/cideim.org.co\/cideim\/formacion-cursos\/desarrollo-carrera-investigador\/"]}]},{"@type":"BreadcrumbList","@id":"https:\/\/cideim.org.co\/cideim\/formacion-cursos\/desarrollo-carrera-investigador\/#breadcrumb","itemListElement":[{"@type":"ListItem","position":1,"name":"Inicio","item":"https:\/\/cideim.org.co\/cideim\/"},{"@type":"ListItem","position":2,"name":"Formaci\u00f3n","item":"https:\/\/cideim.org.co\/cideim\/formacion-cursos\/"},{"@type":"ListItem","position":3,"name":"Desarrollo de carrera"}]},{"@type":"WebSite","@id":"https:\/\/cideim.org.co\/cideim\/#website","url":"https:\/\/cideim.org.co\/cideim\/","name":"CIDEIM | Centro Internacional de Entrenamiento e Investigaciones M\u00e9dicas","description":"CIDEIM","publisher":{"@id":"https:\/\/cideim.org.co\/cideim\/#organization"},"potentialAction":[{"@type":"SearchAction","target":{"@type":"EntryPoint","urlTemplate":"https:\/\/cideim.org.co\/cideim\/?s={search_term_string}"},"query-input":"required name=search_term_string"}],"inLanguage":"es-CO"},{"@type":"Organization","@id":"https:\/\/cideim.org.co\/cideim\/#organization","name":"Centro Internacional de Entrenamiento e Investigaciones M\u00e9dicas","url":"https:\/\/cideim.org.co\/cideim\/","logo":{"@type":"ImageObject","inLanguage":"es-CO","@id":"https:\/\/cideim.org.co\/cideim\/#\/schema\/logo\/image\/","url":"https:\/\/cideim.org.co\/cideim\/wp-content\/uploads\/2022\/06\/Logo-cideim-1.svg","contentUrl":"https:\/\/cideim.org.co\/cideim\/wp-content\/uploads\/2022\/06\/Logo-cideim-1.svg","width":193,"height":143,"caption":"Centro Internacional de Entrenamiento e Investigaciones M\u00e9dicas"},"image":{"@id":"https:\/\/cideim.org.co\/cideim\/#\/schema\/logo\/image\/"},"sameAs":["https:\/\/www.facebook.com\/cideim","https:\/\/www.linkedin.com\/company\/cideim\/"]}]}},"_links":{"self":[{"href":"https:\/\/cideim.org.co\/cideim\/wp-json\/wp\/v2\/pages\/7025"}],"collection":[{"href":"https:\/\/cideim.org.co\/cideim\/wp-json\/wp\/v2\/pages"}],"about":[{"href":"https:\/\/cideim.org.co\/cideim\/wp-json\/wp\/v2\/types\/page"}],"author":[{"embeddable":true,"href":"https:\/\/cideim.org.co\/cideim\/wp-json\/wp\/v2\/users\/5"}],"replies":[{"embeddable":true,"href":"https:\/\/cideim.org.co\/cideim\/wp-json\/wp\/v2\/comments?post=7025"}],"version-history":[{"count":58,"href":"https:\/\/cideim.org.co\/cideim\/wp-json\/wp\/v2\/pages\/7025\/revisions"}],"predecessor-version":[{"id":10266,"href":"https:\/\/cideim.org.co\/cideim\/wp-json\/wp\/v2\/pages\/7025\/revisions\/10266"}],"up":[{"embeddable":true,"href":"https:\/\/cideim.org.co\/cideim\/wp-json\/wp\/v2\/pages\/7041"}],"wp:attachment":[{"href":"https:\/\/cideim.org.co\/cideim\/wp-json\/wp\/v2\/media?parent=7025"}],"wp:term":[{"taxonomy":"tipo_de_pagina","embeddable":true,"href":"https:\/\/cideim.org.co\/cideim\/wp-json\/wp\/v2\/tipo_de_pagina?post=7025"}],"curies":[{"name":"wp","href":"https:\/\/api.w.org\/{rel}","templated":true}]}}